nd 772.
4
Calculate the highest common divisor of 890 and 10.
10
What is the highest common divisor of 132 and 1254?
66
What is the highest common divisor of 68 and 8?
4
What is the greatest common factor of 341 and 11?
11
What is the greatest common divisor of 3402 and 5292?
378
What is the greatest common factor of 14985 and 15?
15
What is the greatest common factor of 432 and 1431?
27
What is the highest common factor of 624 and 117?
39
What is the highest common divisor of 96 and 11424?
96
Calculate the highest common factor of 255 and 5559.
51
What is the highest common divisor of 7205 and 20?
5
Calculate the greatest common divisor of 54 and 7911.
27
Calculate the greatest common divisor of 651 and 42.
21
Calculate the highest common divisor of 34 and 578.
34
Calculate the highest common divisor of 804 and 24.
12
Calculate the highest common factor of 589 and 31.
31
Calculate the highest common factor of 1248 and 192.
96
Calculate the greatest common divisor of 69 and 621.
69
What is the highest common divisor of 13 and 832?
13
Calculate the greatest common factor of 42375 and 125.
125
What is the greatest common factor of 958 and 2?
2
What is the highest common factor of 2064 and 96?
48
What is the greatest common divisor of 600 and 8?
8
Calculate the highest common factor of 183 and 305.
61
What is the highest common divisor of 54 and 1116?
18
What is the highest common factor of 168 and 98?
14
Calculate the highest common factor of 1961 and 53.
53
Calculate the greatest common factor of 3497 and 13.
13
Calculate the highest common divisor of 3288 and 24.
24
What is the greatest common factor of 1330 and 770?
70
Calculate the highest common divisor of 2873 and 357.
17
What is the highest common divisor of 434 and 98?
14
Calculate the greatest common factor of 3933 and 19.
19
Calculate the highest common divisor of 13 and 2249.
13
Calculate the greatest common factor of 594 and 108.
54
Calculate the highest common divisor of 76 and 1216.
76
What is the greatest common divisor of 48 and 1560?
24
Calculate the highest common factor of 35 and 945.
35
What is the highest common factor of 726 and 1573?
121
What is the greatest common factor of 8426 and 44?
22
What is the highest common factor of 248 and 32?
8
Calculate the greatest common factor of 182 and 2044.
14
What is the greatest common factor of 1197 and 57?
57
What is the greatest common factor of 99 and 22?
11
What is the greatest common factor of 184 and 40?
8
Calculate the greatest common divisor of 3502 and 1442.
206
Calculate the greatest common divisor of 59 and 33571.
59
Calculate the greatest common factor of 34243 and 121.
121
What is the highest common divisor of 112 and 1624?
56
What is the highest common divisor of 1698 and 60?
6
What is the greatest common factor of 71 and 12709?
71
What is the highest common factor of 14 and 3514?
14
What is the highest common factor of 38 and 38?
38
Calculate the greatest common factor of 147 and 42.
21
Calculate the highest common divisor of 24087 and 37.
37
What is the highest common divisor of 218 and 9701?
109
What is the highest common divisor of 234 and 918?
18
What is the greatest common factor of 12 and 1398?
6
What is the greatest common divisor of 590 and 20?
10
Calculate the highest common divisor of 1332 and 108.
36
Calculate the highest common divisor of 650 and 26.
26
Calculate the greatest common factor of 133 and 855.
19
What is the highest common divisor of 75 and 9930?
15
What is the highest common factor of 246 and 6150?
246
What is the highest common factor of 522 and 54?
18
Calculate the highest common factor of 196 and 896.
28
What is the greatest common divisor of 1798 and 754?
58
Calculate the highest common factor of 280 and 2135.
35
What is the highest common divisor of 6425 and 771?
257
What is the greatest common factor of 7 and 245?
7
Calculate the greatest common factor of 465 and 45.
15
What is the highest common divisor of 108 and 3186?
54
Calculate the greatest common factor of 3354 and 2322.
258
What is the greatest common divisor of 21 and 301?
7
Calculate the highest common factor of 44 and 18491.
11
What is the greatest common factor of 928 and 493?
29
Calculate the highest common divisor of 16 and 3920.
16
Calculate the highest common divisor of 52 and 9308.
52
Calculate the greatest common divisor of 20 and 185.
5
What is the greatest common factor of 20 and 4?
4
Calculate the highest common factor of 205 and 1.
1
What is the highest common divisor of 14 and 1162?
14
Calculate the highest common divisor of 200 and 220.
20
Calculate the greatest common divisor of 180 and 100.
20
What is the highest common divisor of 7 and 18431?
7
What is the highest common divisor of 144 and 240?
48
Calculate the greatest common factor of 2209 and 1034.
47
Calculate the highest common divisor of 47257 and 301.
301
Calculate the greatest common factor of 45 and 81.
9
What is the greatest common divisor of 30 and 3580?
10
Calculate the greatest common divisor of 171 and 399.
57
What is the greatest common divisor of 28 and 11998?
14
What is the highest common factor of 28 and 714?
14
What is the highest common factor of 2030 and 29?
29
What is the highest common divisor of 6264 and 232?
232
What is the highest common factor of 1564 and 51?
17
What is the greatest common factor of 24 and 744?
24
What is the highest common factor of 59 and 50917?
59
Calculate the highest common factor of 3 and 2295.
3
What is the greatest common divisor of 712 and 24?
8
What is the greatest common divisor of 246 and 1845?
123
What is the highest common divisor of 3056 and 16?
16
Calculate the highest common factor of 423 and 9.
9
What is the greatest common divisor of 3030 and 20?
10
What is the highest common divisor of 150745 and 73?
73
What is the greatest common factor of 4747 and 47?
47
What is the greatest common divisor of 285 and 2185?
95
Calculate the highest common divisor of 354 and 54.
6
Calculate the highest common divisor of 182 and 26.
26
What is the greatest common divisor of 200 and 38?
2
Calculate the highest common divisor of 790 and 316.
158
Calculate the highest common divisor of 210 and 495.
15
What is the highest common divisor of 14 and 5614?
14
Calculate the highest common factor of 32 and 688.
16
Calculate the highest common factor of 85 and 476.
17
What is the highest common factor of 51 and 153?
51
Calculate the highest common divisor of 174 and 3538.
58
What is the highest common divisor of 1024 and 32?
32
Calculate the highest common divisor of 1682 and 232.
58
Calculate the greatest common factor of 1775 and 25.
25
Calculate the greatest common divisor of 99 and 225.
9
Calculate the highest common divisor of 132 and 176.
44
Calculate the greatest common divisor of 12 and 116.
4
What is the highest common divisor of 4070 and 20?
10
What is the highest common divisor of 6669 and 65?
13
Calculate the greatest common factor of 5160 and 120.
120
What is the highest common divisor of 6 and 11202?
6
What is the greatest common factor of 176 and 33?
11
What is the highest common divisor of 21 and 6?
3
Calculate the highest common divisor of 51 and 935.
17
What is the greatest common divisor of 11151 and 189?
189
Calculate the highest common factor of 240 and 20.
20
Calculate the highest common factor of 324 and 12.
12
What is the greatest common divisor of 42 and 4725?
21
What is the highest common factor of 5 and 65?
5
What is the highest common divisor of 77 and 28?
7
Calculate the greatest common divisor of 470 and 188.
94
Calculate the greatest common divisor of 299 and 115.
23
Calculate the greatest common factor of 23744 and 112.
112
Calculate the highest common factor of 6 and 57.
3
What is the greatest common divisor of 432 and 54?
54
Calculate the highest common divisor of 24 and 849.
3
What is the greatest common divisor of 14 and 91?
7
What is the highest common divisor of 38 and 21394?
38
What is the greatest common factor of 24 and 88?
8
What is the highest common divisor of 54968 and 8?
8
What is the highest common factor of 291 and 12?
3
Calculate the greatest common factor of 3968 and 384.
128
Calculate the greatest common divisor of 528 and 33.
33
Calculate the greatest common factor of 222